{"id":34,"date":"2023-09-06T19:00:53","date_gmt":"2023-09-06T17:00:53","guid":{"rendered":"https:\/\/myalustore.fr\/?page_id=34"},"modified":"2024-03-15T12:03:05","modified_gmt":"2024-03-15T11:03:05","slug":"contact","status":"publish","type":"page","link":"https:\/\/myalustore.fr\/index.php\/contact\/","title":{"rendered":"Contact"},"content":{"rendered":"\t\t<div data-elementor-type=\"wp-page\" data-elementor-id=\"34\" class=\"elementor elementor-34\">\n\t\t\t\t\t\t<section class=\"elementor-section elementor-top-section elementor-element elementor-element-cbbd9f1 elementor-section-boxed elementor-section-height-default elementor-section-height-default\" data-id=\"cbbd9f1\" data-element_type=\"section\">\n\t\t\t\t\t\t<div class=\"elementor-container elementor-column-gap-default\">\n\t\t\t\t\t<div class=\"elementor-column elementor-col-100 elementor-top-column elementor-element elementor-element-7cd6b1c\" data-id=\"7cd6b1c\" data-element_type=\"column\">\n\t\t\t<div class=\"elementor-widget-wrap elementor-element-populated\">\n\t\t\t\t\t\t<div class=\"elementor-element elementor-element-65f79f5 elementor-widget elementor-widget-text-editor\" data-id=\"65f79f5\" data-element_type=\"widget\" data-widget_type=\"text-editor.default\">\n\t\t\t\t<div class=\"elementor-widget-container\">\n\t\t\t\t\t\t\t\t\t<iframe src=\"https:\/\/www.google.com\/maps\/embed?pb=!1m18!1m12!1m3!1d2779.246097416576!2d5.060197687548272!3d45.84637379652191!2m3!1f0!2f0!3f0!3m2!1i1024!2i768!4f13.1!3m3!1m2!1s0x47f4b7e319ad6cb1%3A0x4cdd21c79bb2577c!2sMy%20Alu%20Store!5e0!3m2!1sfr!2sfr!4v1710500521100!5m2!1sfr!2sfr\" width=\"600\" height=\"450\" style=\"border:0;\" allowfullscreen=\"\" loading=\"lazy\" referrerpolicy=\"no-referrer-when-downgrade\"><\/iframe>\t\t\t\t\t\t\t\t<\/div>\n\t\t\t\t<\/div>\n\t\t\t\t\t<\/div>\n\t\t<\/div>\n\t\t\t\t\t<\/div>\n\t\t<\/section>\n\t\t\t\t<section class=\"elementor-section elementor-top-section elementor-element elementor-element-b0afafa elementor-section-boxed elementor-section-height-default elementor-section-height-default\" data-id=\"b0afafa\" data-element_type=\"section\">\n\t\t\t\t\t\t<div class=\"elementor-container elementor-column-gap-default\">\n\t\t\t\t\t<div class=\"elementor-column elementor-col-50 elementor-top-column elementor-element elementor-element-bca8fed\" data-id=\"bca8fed\" data-element_type=\"column\">\n\t\t\t<div class=\"elementor-widget-wrap elementor-element-populated\">\n\t\t\t\t\t\t<div class=\"elementor-element elementor-element-c94b56f elementor-widget elementor-widget-spacer\" data-id=\"c94b56f\" data-element_type=\"widget\" data-widget_type=\"spacer.default\">\n\t\t\t\t<div class=\"elementor-widget-container\">\n\t\t\t\t\t\t\t<div class=\"elementor-spacer\">\n\t\t\t<div class=\"elementor-spacer-inner\"><\/div>\n\t\t<\/div>\n\t\t\t\t\t\t<\/div>\n\t\t\t\t<\/div>\n\t\t\t\t<div class=\"elementor-element elementor-element-6c51eb4 elementor-widget elementor-widget-heading\" data-id=\"6c51eb4\" data-element_type=\"widget\" data-widget_type=\"heading.default\">\n\t\t\t\t<div class=\"elementor-widget-container\">\n\t\t\t\t\t<h2 class=\"elementor-heading-title elementor-size-default\">Contactez nous <\/h2>\t\t\t\t<\/div>\n\t\t\t\t<\/div>\n\t\t\t\t<div class=\"elementor-element elementor-element-7dd46fc elementor-widget elementor-widget-spacer\" data-id=\"7dd46fc\" data-element_type=\"widget\" data-widget_type=\"spacer.default\">\n\t\t\t\t<div class=\"elementor-widget-container\">\n\t\t\t\t\t\t\t<div class=\"elementor-spacer\">\n\t\t\t<div class=\"elementor-spacer-inner\"><\/div>\n\t\t<\/div>\n\t\t\t\t\t\t<\/div>\n\t\t\t\t<\/div>\n\t\t\t\t<div class=\"elementor-element elementor-element-bcd61d6 elementor-widget elementor-widget-text-editor\" data-id=\"bcd61d6\" data-element_type=\"widget\" data-widget_type=\"text-editor.default\">\n\t\t\t\t<div class=\"elementor-widget-container\">\n\t\t\t\t\t\t\t\t\t<p>Vous \u00eates int\u00e9r\u00e9ss\u00e9s par une de nos prestation et souhaitez la r\u00e9alisation d&rsquo;une \u00e9tude de votre projet ou encore d&rsquo;un devis ! N&rsquo;h\u00e9sitez pas \u00e0 nous envoyer un message afin de discuter de v\u00f4tre projet. Nous reviendrons vers vous le plus rapidement possible<\/p>\t\t\t\t\t\t\t\t<\/div>\n\t\t\t\t<\/div>\n\t\t\t\t<div class=\"elementor-element elementor-element-036045a elementor-widget elementor-widget-spacer\" data-id=\"036045a\" data-element_type=\"widget\" data-widget_type=\"spacer.default\">\n\t\t\t\t<div class=\"elementor-widget-container\">\n\t\t\t\t\t\t\t<div class=\"elementor-spacer\">\n\t\t\t<div class=\"elementor-spacer-inner\"><\/div>\n\t\t<\/div>\n\t\t\t\t\t\t<\/div>\n\t\t\t\t<\/div>\n\t\t\t\t\t<\/div>\n\t\t<\/div>\n\t\t\t\t<div class=\"elementor-column elementor-col-50 elementor-top-column elementor-element elementor-element-b30cf6a\" data-id=\"b30cf6a\" data-element_type=\"column\">\n\t\t\t<div class=\"elementor-widget-wrap elementor-element-populated\">\n\t\t\t\t\t\t<div class=\"elementor-element elementor-element-312ecb8 obfx-position-top elementor-widget elementor-widget-obfx-services\" data-id=\"312ecb8\" data-element_type=\"widget\" data-widget_type=\"obfx-services.default\">\n\t\t\t\t<div class=\"elementor-widget-container\">\n\t\t\t\t\t<div class=\"obfx-grid\"><div class=\"obfx-grid-container obfx-grid-mobile-1 obfx-grid-tablet-2 obfx-grid-desktop-1\">\t\t\t<div class=\"obfx-grid-wrapper\">\n\t\t\t\t\t\t\t\t<div class=\"obfx-service-box obfx-grid-col\">\n\t\t\t\t\t<span class=\"obfx-icon-wrap\"><i class=\"obfx-icon fas fa-location-arrow\" aria-hidden=\"true\" style=\"color:#BA941C\"><\/i><\/span>\t\t\t\t\t\t<div class=\"obfx-service-box-content\">\n\t\t\t\t\t\t\t\t\t\t\t\t\t\t\t<h4 class=\"obfx-service-title\">Rendez nous visite<\/h4>\n\t\t\t\t\t\t\t\t\t\t\t\t\t\t\t\t<p class=\"obfx-service-text\">Prochainement : d\u00e9couvrez nos prestations ainsi que les produits que nous proposons en exposition dans notre showroom \n:\n1635 Avenue des Pr\u00e9s seigneurs 01120 Dagneux<\/p>\n\t\t\t\t\t\t\t\t\t\t\t\t\t<\/div>\n\t\t\t\t\t\t\t\t\t<\/div>\n\t\t\t\t<\/a>\t\t\t<\/div>\n\t\t\t\t\t\t<div class=\"obfx-grid-wrapper\">\n\t\t\t\t\t\t\t\t<div class=\"obfx-service-box obfx-grid-col\">\n\t\t\t\t\t<span class=\"obfx-icon-wrap\"><i class=\"obfx-icon fas fa-phone-alt\" aria-hidden=\"true\" style=\"color:#BA941C\"><\/i><\/span>\t\t\t\t\t\t<div class=\"obfx-service-box-content\">\n\t\t\t\t\t\t\t\t\t\t\t\t\t\t\t<h4 class=\"obfx-service-title\">Appelez nous <\/h4>\n\t\t\t\t\t\t\t\t\t\t\t\t\t\t\t\t<p class=\"obfx-service-text\">Nous pouvons discuter en direct de votre projet au telephone ou encore r\u00e9pondre \u00e0 vos questions au 06.35.28.53.01 ou au  07.60.82.47.54<\/p>\n\t\t\t\t\t\t\t\t\t\t\t\t\t<\/div>\n\t\t\t\t\t\t\t\t\t<\/div>\n\t\t\t\t<\/a>\t\t\t<\/div>\n\t\t\t\t\t\t<div class=\"obfx-grid-wrapper\">\n\t\t\t\t<a href=\"https:\/\/www.instagram.com\/myalustore\/\"  target=\"_blank\" >\t\t\t\t<div class=\"obfx-service-box obfx-grid-col\">\n\t\t\t\t\t<span class=\"obfx-icon-wrap\"><i class=\"obfx-icon fab fa-instagram\" aria-hidden=\"true\" style=\"color:#BA941C\"><\/i><\/span>\t\t\t\t\t\t<div class=\"obfx-service-box-content\">\n\t\t\t\t\t\t\t\t\t\t\t\t\t\t\t<h4 class=\"obfx-service-title\">Suivez nous<\/h4>\n\t\t\t\t\t\t\t\t\t\t\t\t\t\t\t\t<p class=\"obfx-service-text\">Suivez nous sur les r\u00e9seaux sociaux afin de suivre nos actualit\u00e9s ainsi que les diff\u00e9rents projets en cours ou r\u00e9alis\u00e9s\n@myalustore<\/p>\n\t\t\t\t\t\t\t\t\t\t\t\t\t<\/div>\n\t\t\t\t\t\t\t\t\t<\/div>\n\t\t\t\t<\/a>\t\t\t<\/div>\n\t\t\t\t\t\t<div class=\"obfx-grid-wrapper\">\n\t\t\t\t<a href=\"https:\/\/www.facebook.com\/profile.php?id=61551821023189\" >\t\t\t\t<div class=\"obfx-service-box obfx-grid-col\">\n\t\t\t\t\t<span class=\"obfx-icon-wrap\"><i class=\"obfx-icon fab fa-facebook\" aria-hidden=\"true\" style=\"color:#BA941C\"><\/i><\/span>\t\t\t\t\t\t<div class=\"obfx-service-box-content\">\n\t\t\t\t\t\t\t\t\t\t\t\t\t\t\t<h4 class=\"obfx-service-title\">Actus &amp; Infos<\/h4>\n\t\t\t\t\t\t\t\t\t\t\t\t\t\t\t\t<p class=\"obfx-service-text\">Suivez notre actualit\u00e9 ainsi que les informations et diff\u00e9rents projets sur notre page Facebook<\/p>\n\t\t\t\t\t\t\t\t\t\t\t\t\t<\/div>\n\t\t\t\t\t\t\t\t\t<\/div>\n\t\t\t\t<\/a>\t\t\t<\/div>\n\t\t\t<\/div><\/div>\t\t\t\t<\/div>\n\t\t\t\t<\/div>\n\t\t\t\t\t<\/div>\n\t\t<\/div>\n\t\t\t\t\t<\/div>\n\t\t<\/section>\n\t\t\t\t<section class=\"elementor-section elementor-top-section elementor-element elementor-element-8e28968 elementor-section-boxed elementor-section-height-default elementor-section-height-default\" data-id=\"8e28968\" data-element_type=\"section\">\n\t\t\t\t\t\t<div class=\"elementor-container elementor-column-gap-default\">\n\t\t\t\t\t<div class=\"elementor-column elementor-col-100 elementor-top-column elementor-element elementor-element-d1ab3e0\" data-id=\"d1ab3e0\" data-element_type=\"column\">\n\t\t\t<div class=\"elementor-widget-wrap elementor-element-populated\">\n\t\t\t\t\t\t<div class=\"elementor-element elementor-element-234e6ea elementor-widget elementor-widget-spacer\" data-id=\"234e6ea\" data-element_type=\"widget\" data-widget_type=\"spacer.default\">\n\t\t\t\t<div class=\"elementor-widget-container\">\n\t\t\t\t\t\t\t<div class=\"elementor-spacer\">\n\t\t\t<div class=\"elementor-spacer-inner\"><\/div>\n\t\t<\/div>\n\t\t\t\t\t\t<\/div>\n\t\t\t\t<\/div>\n\t\t\t\t\t<\/div>\n\t\t<\/div>\n\t\t\t\t\t<\/div>\n\t\t<\/section>\n\t\t\t\t<\/div>\n\t\t","protected":false},"excerpt":{"rendered":"<p>Contactez nous Vous \u00eates int\u00e9r\u00e9ss\u00e9s par une de nos prestation et souhaitez la r\u00e9alisation d&rsquo;une \u00e9tude de votre projet ou encore d&rsquo;un devis ! N&rsquo;h\u00e9sitez pas \u00e0 nous envoyer un message afin de discuter de v\u00f4tre projet. Nous reviendrons vers vous le plus rapidement possible Veuillez activer JavaScript dans votre [&hellip;]<\/p>\n","protected":false},"author":1,"featured_media":26,"parent":0,"menu_order":0,"comment_status":"closed","ping_status":"closed","template":"page-templates\/template-pagebuilder-full-width.php","meta":{"footnotes":""},"class_list":["post-34","page","type-page","status-publish","has-post-thumbnail","hentry"],"yoast_head":"<!-- This site is optimized with the Yoast SEO plugin v26.1 - https:\/\/yoast.com\/wordpress\/plugins\/seo\/ -->\n<title>Contact - myalustore.fr<\/title>\n<meta name=\"robots\" content=\"index, follow, max-snippet:-1, max-image-preview:large, max-video-preview:-1\" \/>\n<link rel=\"canonical\" href=\"https:\/\/myalustore.fr\/index.php\/contact\/\" \/>\n<meta property=\"og:locale\" content=\"fr_FR\" \/>\n<meta property=\"og:type\" content=\"article\" \/>\n<meta property=\"og:title\" content=\"Contact - myalustore.fr\" \/>\n<meta property=\"og:description\" content=\"Contactez nous Vous \u00eates int\u00e9r\u00e9ss\u00e9s par une de nos prestation et souhaitez la r\u00e9alisation d&rsquo;une \u00e9tude de votre projet ou encore d&rsquo;un devis ! N&rsquo;h\u00e9sitez pas \u00e0 nous envoyer un message afin de discuter de v\u00f4tre projet. Nous reviendrons vers vous le plus rapidement possible Veuillez activer JavaScript dans votre [&hellip;]\" \/>\n<meta property=\"og:url\" content=\"https:\/\/myalustore.fr\/index.php\/contact\/\" \/>\n<meta property=\"og:site_name\" content=\"myalustore.fr\" \/>\n<meta property=\"article:modified_time\" content=\"2024-03-15T11:03:05+00:00\" \/>\n<meta property=\"og:image\" content=\"http:\/\/myalustore.fr\/wp-content\/uploads\/2023\/09\/contact-1.jpg\" \/>\n\t<meta property=\"og:image:width\" content=\"1024\" \/>\n\t<meta property=\"og:image:height\" content=\"683\" \/>\n\t<meta property=\"og:image:type\" content=\"image\/jpeg\" \/>\n<meta name=\"twitter:card\" content=\"summary_large_image\" \/>\n<meta name=\"twitter:label1\" content=\"Dur\u00e9e de lecture estim\u00e9e\" \/>\n\t<meta name=\"twitter:data1\" content=\"1 minute\" \/>\n<script type=\"application\/ld+json\" class=\"yoast-schema-graph\">{\"@context\":\"https:\/\/schema.org\",\"@graph\":[{\"@type\":\"WebPage\",\"@id\":\"https:\/\/myalustore.fr\/index.php\/contact\/\",\"url\":\"https:\/\/myalustore.fr\/index.php\/contact\/\",\"name\":\"Contact - myalustore.fr\",\"isPartOf\":{\"@id\":\"https:\/\/myalustore.fr\/#website\"},\"primaryImageOfPage\":{\"@id\":\"https:\/\/myalustore.fr\/index.php\/contact\/#primaryimage\"},\"image\":{\"@id\":\"https:\/\/myalustore.fr\/index.php\/contact\/#primaryimage\"},\"thumbnailUrl\":\"https:\/\/myalustore.fr\/wp-content\/uploads\/2023\/09\/contact-1.jpg\",\"datePublished\":\"2023-09-06T17:00:53+00:00\",\"dateModified\":\"2024-03-15T11:03:05+00:00\",\"breadcrumb\":{\"@id\":\"https:\/\/myalustore.fr\/index.php\/contact\/#breadcrumb\"},\"inLanguage\":\"fr-FR\",\"potentialAction\":[{\"@type\":\"ReadAction\",\"target\":[\"https:\/\/myalustore.fr\/index.php\/contact\/\"]}]},{\"@type\":\"ImageObject\",\"inLanguage\":\"fr-FR\",\"@id\":\"https:\/\/myalustore.fr\/index.php\/contact\/#primaryimage\",\"url\":\"https:\/\/myalustore.fr\/wp-content\/uploads\/2023\/09\/contact-1.jpg\",\"contentUrl\":\"https:\/\/myalustore.fr\/wp-content\/uploads\/2023\/09\/contact-1.jpg\",\"width\":1024,\"height\":683},{\"@type\":\"BreadcrumbList\",\"@id\":\"https:\/\/myalustore.fr\/index.php\/contact\/#breadcrumb\",\"itemListElement\":[{\"@type\":\"ListItem\",\"position\":1,\"name\":\"Accueil\",\"item\":\"https:\/\/myalustore.fr\/\"},{\"@type\":\"ListItem\",\"position\":2,\"name\":\"Contact\"}]},{\"@type\":\"WebSite\",\"@id\":\"https:\/\/myalustore.fr\/#website\",\"url\":\"https:\/\/myalustore.fr\/\",\"name\":\"myalustore.fr\",\"description\":\"\",\"publisher\":{\"@id\":\"https:\/\/myalustore.fr\/#organization\"},\"potentialAction\":[{\"@type\":\"SearchAction\",\"target\":{\"@type\":\"EntryPoint\",\"urlTemplate\":\"https:\/\/myalustore.fr\/?s={search_term_string}\"},\"query-input\":{\"@type\":\"PropertyValueSpecification\",\"valueRequired\":true,\"valueName\":\"search_term_string\"}}],\"inLanguage\":\"fr-FR\"},{\"@type\":\"Organization\",\"@id\":\"https:\/\/myalustore.fr\/#organization\",\"name\":\"My alu store\",\"url\":\"https:\/\/myalustore.fr\/\",\"logo\":{\"@type\":\"ImageObject\",\"inLanguage\":\"fr-FR\",\"@id\":\"https:\/\/myalustore.fr\/#\/schema\/logo\/image\/\",\"url\":\"https:\/\/myalustore.fr\/wp-content\/uploads\/2023\/09\/cropped-Plan-de-travail-8-copie-4-8.png\",\"contentUrl\":\"https:\/\/myalustore.fr\/wp-content\/uploads\/2023\/09\/cropped-Plan-de-travail-8-copie-4-8.png\",\"width\":1751,\"height\":357,\"caption\":\"My alu store\"},\"image\":{\"@id\":\"https:\/\/myalustore.fr\/#\/schema\/logo\/image\/\"}}]}<\/script>\n<!-- \/ Yoast SEO plugin. -->","yoast_head_json":{"title":"Contact - myalustore.fr","robots":{"index":"index","follow":"follow","max-snippet":"max-snippet:-1","max-image-preview":"max-image-preview:large","max-video-preview":"max-video-preview:-1"},"canonical":"https:\/\/myalustore.fr\/index.php\/contact\/","og_locale":"fr_FR","og_type":"article","og_title":"Contact - myalustore.fr","og_description":"Contactez nous Vous \u00eates int\u00e9r\u00e9ss\u00e9s par une de nos prestation et souhaitez la r\u00e9alisation d&rsquo;une \u00e9tude de votre projet ou encore d&rsquo;un devis ! N&rsquo;h\u00e9sitez pas \u00e0 nous envoyer un message afin de discuter de v\u00f4tre projet. Nous reviendrons vers vous le plus rapidement possible Veuillez activer JavaScript dans votre [&hellip;]","og_url":"https:\/\/myalustore.fr\/index.php\/contact\/","og_site_name":"myalustore.fr","article_modified_time":"2024-03-15T11:03:05+00:00","og_image":[{"width":1024,"height":683,"url":"http:\/\/myalustore.fr\/wp-content\/uploads\/2023\/09\/contact-1.jpg","type":"image\/jpeg"}],"twitter_card":"summary_large_image","twitter_misc":{"Dur\u00e9e de lecture estim\u00e9e":"1 minute"},"schema":{"@context":"https:\/\/schema.org","@graph":[{"@type":"WebPage","@id":"https:\/\/myalustore.fr\/index.php\/contact\/","url":"https:\/\/myalustore.fr\/index.php\/contact\/","name":"Contact - myalustore.fr","isPartOf":{"@id":"https:\/\/myalustore.fr\/#website"},"primaryImageOfPage":{"@id":"https:\/\/myalustore.fr\/index.php\/contact\/#primaryimage"},"image":{"@id":"https:\/\/myalustore.fr\/index.php\/contact\/#primaryimage"},"thumbnailUrl":"https:\/\/myalustore.fr\/wp-content\/uploads\/2023\/09\/contact-1.jpg","datePublished":"2023-09-06T17:00:53+00:00","dateModified":"2024-03-15T11:03:05+00:00","breadcrumb":{"@id":"https:\/\/myalustore.fr\/index.php\/contact\/#breadcrumb"},"inLanguage":"fr-FR","potentialAction":[{"@type":"ReadAction","target":["https:\/\/myalustore.fr\/index.php\/contact\/"]}]},{"@type":"ImageObject","inLanguage":"fr-FR","@id":"https:\/\/myalustore.fr\/index.php\/contact\/#primaryimage","url":"https:\/\/myalustore.fr\/wp-content\/uploads\/2023\/09\/contact-1.jpg","contentUrl":"https:\/\/myalustore.fr\/wp-content\/uploads\/2023\/09\/contact-1.jpg","width":1024,"height":683},{"@type":"BreadcrumbList","@id":"https:\/\/myalustore.fr\/index.php\/contact\/#breadcrumb","itemListElement":[{"@type":"ListItem","position":1,"name":"Accueil","item":"https:\/\/myalustore.fr\/"},{"@type":"ListItem","position":2,"name":"Contact"}]},{"@type":"WebSite","@id":"https:\/\/myalustore.fr\/#website","url":"https:\/\/myalustore.fr\/","name":"myalustore.fr","description":"","publisher":{"@id":"https:\/\/myalustore.fr\/#organization"},"potentialAction":[{"@type":"SearchAction","target":{"@type":"EntryPoint","urlTemplate":"https:\/\/myalustore.fr\/?s={search_term_string}"},"query-input":{"@type":"PropertyValueSpecification","valueRequired":true,"valueName":"search_term_string"}}],"inLanguage":"fr-FR"},{"@type":"Organization","@id":"https:\/\/myalustore.fr\/#organization","name":"My alu store","url":"https:\/\/myalustore.fr\/","logo":{"@type":"ImageObject","inLanguage":"fr-FR","@id":"https:\/\/myalustore.fr\/#\/schema\/logo\/image\/","url":"https:\/\/myalustore.fr\/wp-content\/uploads\/2023\/09\/cropped-Plan-de-travail-8-copie-4-8.png","contentUrl":"https:\/\/myalustore.fr\/wp-content\/uploads\/2023\/09\/cropped-Plan-de-travail-8-copie-4-8.png","width":1751,"height":357,"caption":"My alu store"},"image":{"@id":"https:\/\/myalustore.fr\/#\/schema\/logo\/image\/"}}]}},"_links":{"self":[{"href":"https:\/\/myalustore.fr\/index.php\/wp-json\/wp\/v2\/pages\/34","targetHints":{"allow":["GET"]}}],"collection":[{"href":"https:\/\/myalustore.fr\/index.php\/wp-json\/wp\/v2\/pages"}],"about":[{"href":"https:\/\/myalustore.fr\/index.php\/wp-json\/wp\/v2\/types\/page"}],"author":[{"embeddable":true,"href":"https:\/\/myalustore.fr\/index.php\/wp-json\/wp\/v2\/users\/1"}],"replies":[{"embeddable":true,"href":"https:\/\/myalustore.fr\/index.php\/wp-json\/wp\/v2\/comments?post=34"}],"version-history":[{"count":68,"href":"https:\/\/myalustore.fr\/index.php\/wp-json\/wp\/v2\/pages\/34\/revisions"}],"predecessor-version":[{"id":474,"href":"https:\/\/myalustore.fr\/index.php\/wp-json\/wp\/v2\/pages\/34\/revisions\/474"}],"wp:featuredmedia":[{"embeddable":true,"href":"https:\/\/myalustore.fr\/index.php\/wp-json\/wp\/v2\/media\/26"}],"wp:attachment":[{"href":"https:\/\/myalustore.fr\/index.php\/wp-json\/wp\/v2\/media?parent=34"}],"curies":[{"name":"wp","href":"https:\/\/api.w.org\/{rel}","templated":true}]}}